 the units digit of 411356?
6
What is the units digit of 13269059?
9
What is the tens digit of 608483?
8
What is the hundred thousands digit of 32582914?
5
What is the millions digit of 2811448?
2
What is the ten thousands digit of 1634612?
3
What is the thousands digit of 301416?
1
What is the hundred thousands digit of 3851988?
8
What is the units digit of 193975?
5
What is the ten thousands digit of 15054?
1
What is the ten thousands digit of 1801797?
0
What is the units digit of 13466205?
5
What is the thousands digit of 583607?
3
What is the units digit of 956007?
7
What is the ten thousands digit of 11484435?
8
What is the units digit of 1232515?
5
What is the ten thousands digit of 29480?
2
What is the ten thousands digit of 83036?
8
What is the tens digit of 245105?
0
What is the tens digit of 195165?
6
What is the hundreds digit of 491413?
4
What is the hundreds digit of 28145?
1
What is the hundred thousands digit of 6916897?
9
What is the millions digit of 2243817?
2
What is the ten thousands digit of 3959968?
5
What is the tens digit of 589615?
1
What is the hundred thousands digit of 595547?
5
What is the tens digit of 14065379?
7
What is the tens digit of 35350222?
2
What is the hundreds digit of 45502?
5
What is the hundreds digit of 3253285?
2
What is the hundred thousands digit of 151247?
1
What is the units digit of 104502?
2
What is the ten thousands digit of 1036443?
3
What is the millions digit of 23983956?
3
What is the tens digit of 475059?
5
What is the hundred thousands digit of 152614?
1
What is the units digit of 167821?
1
What is the thousands digit of 587936?
7
What is the thousands digit of 86231?
6
What is the hundreds digit of 23686322?
3
What is the units digit of 4314537?
7
What is the units digit of 669560?
0
What is the hundred thousands digit of 541249?
5
What is the tens digit of 361358?
5
What is the ten thousands digit of 15848288?
4
What is the thousands digit of 1204718?
4
What is the millions digit of 22774738?
2
What is the thousands digit of 4533445?
3
What is the hundred thousands digit of 334231?
3
What is the hundred thousands digit of 205741?
2
What is the hundreds digit of 13898753?
7
What is the hundred thousands digit of 3987296?
9
What is the hundred thousands digit of 2292008?
2
What is the thousands digit of 660657?
0
What is the hundreds digit of 32597?
5
What is the hundreds digit of 2838557?
5
What is the thousands digit of 939657?
9
What is the millions digit of 13074363?
3
What is the hundred thousands digit of 29084916?
0
What is the hundred thousands digit of 1389807?
3
What is the hundreds digit of 31032688?
6
What is the hundreds digit of 12623903?
9
What is the hundreds digit of 1464420?
4
What is the units digit of 562674?
4
What is the units digit of 4681172?
2
What is the hundreds digit of 1128334?
3
What is the tens digit of 13527293?
9
What is the hundred thousands digit of 5833679?
8
What is the ten thousands digit of 610806?
1
What is the hundred thousands digit of 684905?
6
What is the millions digit of 9839621?
9
What is the hundred thousands digit of 1258505?
2
What is the millions digit of 4462023?
4
What is the hundred thousands digit of 173549?
1
What is the hundred thousands digit of 315793?
3
What is the units digit of 428570?
0
What is the millions digit of 1726898?
1
What is the hundreds digit of 207245?
2
What is the hundreds digit of 13070?
0
What is the tens digit of 45368?
6
What is the hundred thousands digit of 2276577?
2
What is the hundreds digit of 470650?
6
What is the tens digit of 883923?
2
What is the hundred thousands digit of 13728489?
7
What is the hundreds digit of 227961?
9
What is the millions digit of 1788168?
1
What is the hundred thousands digit of 1314826?
3
What is the ten thousands digit of 35971145?
7
What is the tens digit of 70229?
2
What is the tens digit of 2579135?
3
What is the ten millions digit of 11957065?
1
What is the hundreds digit of 473737?
7
What is the ten thousands digit of 123720?
2
What is the ten thousands digit of 411093?
1
What is the ten millions digit of 23042162?
2
What is the tens digit of 4854763?
6
What is the hundreds digit of 41105?
1
What is the millions digit of 1344936?
1
What is the hundred thousands digit of 859973?
8
What is the hundred thousands digit of 33613450?
6
What is the units digit of 4303128?
8
What is the hundreds digit of 475355?
3
What is the millions digit of 3790293?
3
What is the hundred thousands digit of 7065637?
0
What is the thousands digit of 99923?
9
What is the hundreds digit of 108422?
4
What is the thousands digit of 603465?
3
What is the tens digit of 12514953?
5
What is the ten thousands digit of 500115?
0
What is the thousands digit of 1731956?
1
What is the hundred thousands digit of 3214477?
2
What is the tens digit of 6206861?
6
What is the ten thousands digit of 10570110?
7
What is the hundred thousands digit of 440674?
4
What is the ten thousands digit of 365522?
6
What is the millions digit of 1730822?
1
What is the hundreds digit of 727119?
1
What is the hundreds digit of 18831421?
4
What is the ten thousands digit of 781248?
8
What is the hundred thousands digit of 3070129?
0
What is the hundreds digit of 1531188?
1
What is the hundreds digit of 3487419?
4
What is the tens digit of 150708?
0
What is the units digit of 13835745?
5
What is the hundreds digit of 16255740?
7
What is the tens digit of 1527760?
6
What is the thousands digit of 14530995?
0
What is the thousands digit of 160370?
0
What is the hundreds digit of 2135919?
9
What is the tens digit of 2413114?
1
What is the hundreds digit of 5354622?
6
What is the hundreds digit of 1026725?
7
What is the ten thousands digit of 1807375?
0
What is the ten thousands digit of 1038775?
3
What is the ten thousands digit of 14321316?
2
What is the millions digit of 11174744?
1
What is the thousands digit of 41699907?
9
What is the thousands digit of 2733178?
3
What is the hundred thousands digit of 300822?
3
What is the millions digit of 1063392?
1
What is the hundreds digit of 14512647?
6
What is the millions digit of 5220461?
5
What is the hundred thousands digit of 15056267?
0
What is the hundred thousands digit of 241517?
2
What is the hundreds digit of 140223?
2
What is the units digit of 261926?
6
What is the tens digit of 171428?
2
What is the hundreds digit of 670690?
6
What is the hundred thousands digit of 369166?
3
What is the hundreds digit of 6515300?
3
What is the hundreds digit of 169261?
2
What is the thousands digit of 807678?
7
What is the units digit of 464650?
0
What is the millions digit of 1075537?
1
What is the ten thousands digit of 3244211?
4
What is the ten thousands digit of 24238002?
3
What is the units digit of 638196?
6
What is the hundreds digit of 204647?
6
What is the ten thousands digit of 6800804?
0
What is the hundreds digit of 332809?
8
What is the hundred thousands digit of 19221603?
2
What is the units digit of 953962?
2
What is the hundreds digit of 2632183?
1
What is the thousands digit of 38408527?
8
What is the units digit of 24035048?
8
What is the ten thousands digit of 282352?
8
What is the units digit of 49537?
7
What is the thousands digit of 270486?
0
What is the ten thousands digit of 318618?
1
What is the hundred thousands digit of 1254044?
2
What is the thousands digit of 974002?
4
What is the tens digit of 4881675?
7
What is the thousands digit of 16298821?
8
What is the ten thousands digit of 645744?
4
What is the hundreds digit of 1444110?
1
What is the hundreds digit of 18679498?
4
What is the hundreds digit of 462555?
5
What is the ten thousands digit of 82546?
8
What is the thousands digit of 637899?
7
What is the thousands digit of 1687014?
7
What is the hundred thousands digit of 1978395?
9
What is the millions digit of 1375487?
1
What is the millions digit of 11795268?
1
What is the units digit of 542602?
2
What is the thousands digit of 87980?
7
What is the millions digit of 2149165?
2
What is the ten thousands digit of 233581?
3
What is the hundred thousands digit of 457909?
4
What is the tens digit of 7771?
7
What is the hundred thousands digit of 5837115?
8
What is the hundred thousands digit of 25910196?
9
What is the hundred thousands digit of 61061